?
429161
What are the prime factors of 108944?
2, 11, 619
List the prime factors of 3658379.
29, 126151
What are the prime factors of 116405?
5, 31, 751
What are the prime factors of 317881?
127, 2503
What are the prime factors of 1254694?
2, 7, 31, 59
List the prime factors of 141177.
3, 47059
What are the prime factors of 3039014?
2, 11, 107, 1291
List the prime factors of 1620241.
7, 231463
List the prime factors of 19521989.
733, 26633
What are the prime factors of 885037?
17, 79, 659
What are the prime factors of 8002709?
11, 13, 191, 293
What are the prime factors of 211026?
2, 3, 35171
List the prime factors of 150510.
2, 3, 5, 29, 173
List the prime factors of 263173.
89, 2957
List the prime factors of 368952.
2, 3, 15373
List the prime factors of 308536.
2, 38567
List the prime factors of 4600765.
5, 13, 37, 1913
List the prime factors of 1008668.
2, 461, 547
List the prime factors of 1253645.
5, 157, 1597
List the prime factors of 1697136.
2, 3, 7, 5051
What are the prime factors of 142528?
2, 17, 131
List the prime factors of 545374.
2, 29, 9403
What are the prime factors of 174243?
3, 241
List the prime factors of 1100085.
3, 5, 7, 10477
What are the prime factors of 450242?
2, 13, 17317
List the prime factors of 400214.
2, 17, 79, 149
List the prime factors of 35032569.
3, 11, 13, 127, 643
List the prime factors of 659200.
2, 5, 103
List the prime factors of 7663033.
7, 37, 29587
What are the prime factors of 1610775?
3, 5, 7159
What are the prime factors of 202418?
2, 101209
List the prime factors of 3726332.
2, 17, 54799
List the prime factors of 460020.
2, 3, 5, 11, 17, 41
List the prime factors of 686974.
2, 389, 883
What are the prime factors of 310321?
11, 28211
List the prime factors of 84832.
2, 11, 241
What are the prime factors of 15680936?
2, 17, 115301
What are the prime factors of 28097341?
41, 685301
List the prime factors of 296196.
2, 3, 24683
What are the prime factors of 439863?
3, 151, 971
List the prime factors of 950587.
11, 103, 839
List the prime factors of 4982391.
3, 61511
List the prime factors of 3108362.
2, 19, 81799
List the prime factors of 30960410.
2, 5, 13, 238157
List the prime factors of 19657225.
5, 7, 112327
List the prime factors of 1248821.
7, 178403
What are the prime factors of 15588711?
3, 17, 139, 733
List the prime factors of 4916775.
3, 5, 65557
What are the prime factors of 12367903?
109, 113467
What are the prime factors of 188813?
43, 4391
What are the prime factors of 150494?
2, 47, 1601
List the prime factors of 703367.
7, 89, 1129
List the prime factors of 892347.
3, 17, 17497
What are the prime factors of 16876539?
3, 625057
List the prime factors of 406250.
2, 5, 13
What are the prime factors of 1969300?
2, 5, 47, 419
What are the prime factors of 1266063?
3, 127, 3323
List the prime factors of 5319769.
7, 13, 53, 1103
What are the prime factors of 84630?
2, 3, 5, 7, 13, 31
What are the prime factors of 408106?
2, 419, 487
What are the prime factors of 675889?
675889
List the prime factors of 1368094.
2, 7, 13, 7517
List the prime factors of 105224.
2, 7, 1879
What are the prime factors of 10858167?
3, 449, 2687
What are the prime factors of 52642?
2, 26321
List the prime factors of 579700.
2, 5, 11, 17, 31
List the prime factors of 1382363.
103, 13421
List the prime factors of 6875601.
3, 2291867
What are the prime factors of 1624839?
3, 541613
List the prime factors of 15268347.
3, 347, 4889
What are the prime factors of 28795622?
2, 353, 40787
What are the prime factors of 603991?
19, 83, 383
What are the prime factors of 8176046?
2, 151, 27073
What are the prime factors of 600558?
2, 3, 7, 79, 181
What are the prime factors of 4780282?
2, 13, 53, 3469
What are the prime factors of 3874466?
2, 1937233
What are the prime factors of 1250517?
3, 416839
List the prime factors of 449351.
7, 23, 2791
List the prime factors of 1637522.
2, 733, 1117
List the prime factors of 274142.
2, 11, 17, 733
List the prime factors of 5290375.
5, 42323
List the prime factors of 6270064.
2, 391879
What are the prime factors of 19586921?
47, 83, 5021
List the prime factors of 15226867.
41, 371387
List the prime factors of 3373586.
2, 37, 45589
What are the prime factors of 1033173?
3, 114797
What are the prime factors of 2211705?
3, 5, 43, 127
What are the prime factors of 183658?
2, 229, 401
What are the prime factors of 10566038?
2, 7, 754717
What are the prime factors of 226862?
2, 67, 1693
What are the prime factors of 3163421?
101, 31321
List the prime factors of 595.
5, 7, 17
List the prime factors of 1279211.
1279211
List the prime factors of 142638.
2, 3, 23773
List the prime factors of 13286140.
2, 5, 7, 43, 2207
What are the prime factors of 11731943?
11731943
List the prime factors of 19202236.
2, 19, 307, 823
List the prime factors of 1443704.
2, 180463
List the prime factors of 270467.
307, 881
List the prime factors of 1994889.
3, 13, 51151
List the prime factors of 34400574.
2, 3, 13, 147011
What are the prime factors of 338549?
233, 1453
List the prime factors of 138641.
138641
List the prime factors of 5464533.
3, 19, 95869
What are the prime factors of 127387?
13, 41, 239
What are the prime factors of 17832857?
7, 53, 71, 677
List the prime factors of 2832360.
2, 3, 5, 23603
List the prime factors of 11794732.
2, 2948683
What are the prime factors of 3187601?
3187601
List the prime factors of 5553799.
5553799
What are the prime factors of 14666877?
3, 1629653
What are the prime factors of 9252172?
2, 857, 2699
What are the prime factors of 2526736?
2, 79, 1999
What are the prime factors of 187190?
2, 5, 18719
List the prime factors of 263166.
2, 3, 23, 1907
List the prime factors of 23605236.
2, 3, 127, 1721
What are the prime factors of 26081472?
2, 3, 135841
What are the prime factors of 6444425?
5, 13, 79, 251
What are the prime factors of 27652117?
107, 113, 2287
What are the prime factors of 32443?
32443
List the prime factors of 1976907.
3, 658969
What are the prime factors of 29739265?
5, 5947853
List the prime factors of 34463072.
2, 7, 31, 709
List the prime factors of 797946.
2, 3, 17, 7823
What are the prime factors of 1208308?
2, 457, 661
What are the prime factors of 1863550?
2, 5, 13, 47, 61
List the prime factors of 1239986.
2, 11, 157, 359
What are the prime factors of 7202402?
2, 569, 6329
What are the prime factors of 824886?
2, 3, 45827
List the prime factors of 919640.
2, 5, 83, 277
What are the prime factors of 463736?
2, 7, 13
What are the prime factors of 3079086?
2, 3, 101, 5081
What are the prime factors of 266961?
3, 23, 53, 73
What are the prime factors of 9775550?
2, 5, 195511
List the prime factors of 3818120.
2, 5, 53, 1801
List the prime factors of 310823.
310823
List the prime factors of 1241295.
3, 5, 11, 7523
List the prime factors of 4146175.
5, 11, 15077
List the prime factors of 276589.
276589
What are the prime factors of 13883417?
61, 227597
What are the prime factors of 824401?
824401
What are the prime factors of 1117339?
1013, 1103
What are the prime factors of 1291026?
2, 3, 11, 31, 631
List the prime factors of 178177.
17, 47, 223
List the prime factors of 949121.
949121
What are the prime factors of 17094398?
2, 29, 294731
List the prime factors of 3844460.
2, 5, 19, 67, 151
List the prime factors of 5879651.
23, 255637
What are the prime factors of 228895?
5, 45779
List the prime factors of 906027.
3, 302009
List the prime factors of 334259.
23, 14533
List the prime factors of 612165.
3, 5, 37, 1103
What are the prime factors of 2749322?
2, 37, 53, 701
List the prime factors of 9763781.
41, 238141
What are the prime factors of 326518?
2, 163259
List the prime factors of 5104082.
2, 2552041
List the prime factors of 6860831.
23, 317, 941
What are the prime factors of 125471?
125471
List the prime factors of 2006612.
2, 17, 23, 1283
What are the prime factors of 2200816?
2, 67, 2053
List the prime factors of 4117506.
2, 3, 23, 29837
List the prime factors of 414604.
2, 103651
What are the prime factors of 27047219?
2857, 9467
List the prime factors of 10201508.
2, 1399, 1823
What are the prime factors of 65237?
89, 733
List the prime factors of 2308244.
2, 347, 1663
What are the prime factors of 1063216?
2, 7, 11, 863
What are the 